and 15.
3
What is the greatest common factor of 5 and 835?
5
What is the greatest common factor of 8022 and 70?
14
What is the highest common factor of 126 and 29358?
126
What is the greatest common divisor of 5 and 5?
5
What is the greatest common divisor of 387 and 216?
9
Calculate the highest common factor of 285 and 95.
95
What is the highest common divisor of 176 and 121?
11
Calculate the greatest common divisor of 370 and 148.
74
Calculate the greatest common divisor of 35 and 63.
7
Calculate the highest common divisor of 567 and 7.
7
Calculate the greatest common divisor of 402 and 6.
6
Calculate the greatest common factor of 38 and 1178.
38
Calculate the highest common factor of 918 and 16218.
306
What is the highest common divisor of 65 and 312?
13
Calculate the greatest common factor of 56 and 504.
56
What is the greatest common factor of 152 and 114?
38
What is the greatest common divisor of 39 and 1833?
39
Calculate the highest common divisor of 9460 and 110.
110
Calculate the greatest common divisor of 1053 and 2691.
117
What is the highest common divisor of 1216 and 1064?
152
What is the greatest common divisor of 91 and 33397?
91
Calculate the greatest common divisor of 9253 and 19.
19
What is the greatest common divisor of 77 and 55?
11
Calculate the highest common factor of 444 and 6882.
222
What is the greatest common factor of 1225 and 392?
49
What is the highest common divisor of 580 and 35?
5
What is the highest common factor of 173 and 13?
1
What is the highest common divisor of 189 and 252?
63
What is the greatest common divisor of 2360 and 344?
8
Calculate the highest common factor of 3036 and 528.
132
Calculate the greatest common divisor of 595 and 2240.
35
What is the greatest common divisor of 34 and 34986?
34
What is the highest common divisor of 18662 and 3472?
434
What is the highest common divisor of 264 and 990?
66
What is the greatest common divisor of 207 and 92?
23
Calculate the greatest common divisor of 5 and 145.
5
Calculate the greatest common divisor of 4 and 7892.
4
Calculate the highest common divisor of 205 and 41.
41
What is the greatest common divisor of 255 and 3555?
15
Calculate the highest common factor of 36 and 8.
4
What is the highest common factor of 39 and 1833?
39
Calculate the highest common factor of 828 and 368.
92
Calculate the highest common divisor of 259 and 203.
7
Calculate the greatest common factor of 102 and 102.
102
What is the highest common factor of 10539 and 9?
9
What is the greatest common factor of 1628 and 1036?
148
What is the greatest common divisor of 52 and 468?
52
Calculate the greatest common factor of 88 and 748.
44
What is the greatest common divisor of 171 and 36?
9
What is the greatest common divisor of 4792 and 8?
8
What is the greatest common factor of 616 and 8536?
88
What is the greatest common divisor of 2014 and 152?
38
What is the greatest common divisor of 195 and 480?
15
Calculate the highest common divisor of 119 and 14161.
119
Calculate the greatest common divisor of 59 and 8083.
59
Calculate the highest common factor of 7888 and 319.
29
What is the highest common divisor of 10822 and 42?
14
What is the highest common factor of 87 and 435?
87
What is the greatest common factor of 65 and 5?
5
Calculate the greatest common factor of 345 and 60.
15
What is the highest common divisor of 58 and 899?
29
Calculate the greatest common divisor of 55 and 77.
11
Calculate the highest common factor of 2268 and 48.
12
Calculate the highest common divisor of 9 and 6414.
3
What is the greatest common factor of 1938 and 102?
102
What is the greatest common divisor of 203 and 9947?
203
Calculate the greatest common divisor of 704 and 55.
11
Calculate the greatest common factor of 1504 and 32.
32
Calculate the greatest common factor of 42 and 672.
42
Calculate the highest common factor of 456 and 408.
24
Calculate the highest common factor of 16 and 4456.
8
What is the highest common factor of 194 and 194?
194
Calculate the greatest common divisor of 128 and 2112.
64
What is the greatest common divisor of 1280 and 1120?
160
What is the highest common factor of 1037 and 34?
17
What is the greatest common factor of 192 and 168?
24
What is the greatest common divisor of 348 and 1914?
174
What is the highest common factor of 72 and 1344?
24
What is the greatest common factor of 2109 and 114?
57
What is the highest common divisor of 319 and 209?
11
Calculate the highest common factor of 2603 and 228.
19
What is the highest common divisor of 26 and 13312?
26
What is the greatest common factor of 152 and 3363?
19
What is the greatest common factor of 16 and 696?
8
What is the greatest common factor of 36 and 132?
12
What is the highest common factor of 1 and 27?
1
Calculate the greatest common factor of 174 and 87.
87
What is the highest common factor of 269 and 538?
269
What is the highest common divisor of 27 and 81?
27
Calculate the greatest common divisor of 177 and 47967.
177
What is the greatest common divisor of 52 and 91?
13
Calculate the highest common factor of 392 and 112.
56
What is the greatest common factor of 39 and 247?
13
Calculate the highest common factor of 102 and 2397.
51
What is the highest common divisor of 4 and 108?
4
What is the greatest common factor of 49 and 301?
7
Calculate the greatest common divisor of 37 and 37.
37
Calculate the greatest common divisor of 1738 and 22.
22
Calculate the greatest common divisor of 39836 and 92.
92
What is the greatest common factor of 48 and 264?
24
Calculate the highest common divisor of 60 and 2055.
15
What is the greatest common divisor of 1988 and 28?
28
What is the highest common factor of 530 and 10?
10
What is the highest common divisor of 10 and 1690?
10
Calculate the highest common factor of 165 and 60.
15
What is the greatest common factor of 1936 and 32?
16
What is the greatest common divisor of 5377 and 19?
19
What is the highest common factor of 88 and 1628?
44
Calculate the highest common divisor of 658 and 42.
14
Calculate the highest common divisor of 150 and 15.
15
Calculate the greatest common factor of 116 and 667.
29
What is the greatest common factor of 2920 and 1000?
40
Calculate the greatest common factor of 9546 and 3.
3
What is the greatest common divisor of 119 and 21?
7
What is the greatest common factor of 130 and 182?
26
What is the highest common factor of 180 and 20?
20
Calculate the greatest common divisor of 429 and 156.
39
Calculate the greatest common factor of 170 and 590.
10
What is the greatest common factor of 31 and 4619?
31
Calculate the greatest common divisor of 11 and 33.
11
Calculate the greatest common factor of 186 and 48.
6
Calculate the greatest common factor of 9698 and 26.
26
Calculate the greatest common divisor of 75 and 405.
15
What is the highest common divisor of 374 and 46?
2
Calculate the greatest common divisor of 1817 and 395.
79
What is the greatest common factor of 14 and 2366?
14
What is the greatest common factor of 159 and 4611?
159
Calculate the greatest common divisor of 427 and 48251.
427
Calculate the greatest common divisor of 6 and 6.
6
What is the highest common divisor of 154 and 66?
22
Calculate the highest common divisor of 150 and 975.
75
Calculate the highest common factor of 24 and 264.
24
What is the greatest common divisor of 41 and 3895?
41
Calculate the greatest common factor of 55 and 1705.
55
Calculate the greatest common divisor of 316 and 28.
4
Calculate the highest common factor of 130 and 208.
26
Calculate the highest common divisor of 485 and 15.
5
Calculate the highest common factor of 4266 and 351.
27
What is the highest common divisor of 1215 and 9?
9
What is the greatest common factor of 164 and 369?
41
Calculate the highest common factor of 16 and 120.
8
What is the highest common divisor of 16770 and 86?
86
What is the highest common factor of 22 and 506?
22
What is the highest common divisor of 24 and 16704?
24
What is the highest common factor of 72 and 31608?
72
Calculate the greatest common divisor of 620 and 30.
10
Calculate the highest common divisor of 749 and 63.
7
Calculate the highest common divisor of 48 and 684.
12
What is the greatest common factor of 896 and 14?
14
What is the highest common factor 